15*x + 30858. Determine s(4).
-2
Let n(c) = -184249*c - 5711725. Give n(-31).
-6
Let q(p) = 3*p**3 + 5*p**2 + 44*p - 105. Give q(3).
153
Let z(c) = c**2 + 92*c - 16226. Give z(-182).
154
Let m(r) = 9*r**2 - 3104*r + 8897. Determine m(342).
5
Let i(g) = -14*g**2 - 3987*g - 11842. Give i(-3).
-7
Let w(o) = -o**2 - 782*o - 7010. Give w(-9).
-53
Let x(m) = 1534*m - 13189. Give x(10).
2151
Let m(g) = g**3 - 147*g**2 + 2850*g + 247. Calculate m(124).
-1
Let z(c) = c**3 + 586*c**2 - 10833*c + 23557. What is z(-604)?
1
Let s(m) = 398*m - 2751. Give s(14).
2821
Let q(r) = -723*r - 32559. Give q(-45).
-24
Let i(s) = -85*s**3 - 6*s**2 + 7*s - 3. Calculate i(1).
-87
Let z(b) = -3549*b + 2115284. What is z(596)?
80
Let x(k) = -24392*k - 634167. Determine x(-26).
25
Let g(c) = 4262*c**2 + 170486*c + 212. Determine g(-40).
-28
Let q(s) = 4*s**2 - 21863*s + 43711. What is q(2)?
1
Let n(k) = -k**3 + 385*k**2 - 778*k + 4562. Determine n(383).
-34
Let h(o) = -956052*o + 17208916. What is h(18)?
-20
Let f(h) = -h**3 + 40*h**2 + 198*h + 53. Calculate f(-4).
-35
Let g(n) = -602*n + 36469. Calculate g(61).
-253
Let u(j) = j**3 + 1475*j**2 - 14858*j + 76. Give u(10).
-4
Let o(x) = -188*x + 17150. Give o(92).
-146
Let h(j) = -3*j**2 + 126*j + 2. Give h(27).
1217
Let p(c) = -208*c**2 - 2572*c - 900. Determine p(-12).
12
Let z(i) = -2*i**2 + 1061*i - 51456. Calculate z(54).
6
Let d(b) = 15*b**3 - 7233*b**2 - 72325*b + 488. Determine d(492).
-4
Let z(m) = 1829*m + 44032. Give z(-24).
136
Let l(u) = -u**3 - 201*u**2 - 6985*u - 3385. What is l(-44)?
3
Let r(x) = x**2 - 2639*x + 131971. Calculate r(51).
-17
Let z(i) = -3*i**2 + 179*i - 39. Determine z(57).
417
Let w(a) = 176*a - 16006. What is w(91)?
10
Let z(l) = -4*l**2 + 28*l - 549. Determine z(24).
-2181
Let y(m) = 6*m**3 + 2*m**2 - 26449*m + 26447. Calculate y(1).
6
Let x(a) = 11*a**3 - 44*a**2 - 29*a + 97. Give x(3).
-89
Let h(c) = -70348*c - 3235998. Give h(-46).
10
Let l(d) = -2*d**3 - 18*d**2 + 1468*d - 96. Calculate l(-32).
32
Let i(r) = 428*r**2 - 48792*r + 34. Calculate i(114).
34
Let g(i) = -2*i**3 - 3*i**2 + 56*i - 231. Calculate g(10).
-1971
Let x(s) = -2*s**3 - 88*s**2 + 9982*s - 261. Determine x(-96).
-69
Let f(j) = 530*j + 4034. Determine f(-8).
-206
Let h(z) = 2*z**3 + 72*z**2 + 319*z + 11477. Calculate h(-36).
-7
Let w(d) = d**3 + 11*d**2 - 1549*d - 9352. Calculate w(-6).
122
Let m(r) = -198*r - 2630. What is m(-13)?
-56
Let w(p) = -291*p**2 + 45109*p - 575. Calculate w(155).
45
Let x(z) = 34781*z + 2956412. What is x(-85)?
27
Let g(i) = 8000*i - 7905. Calculate g(1).
95
Let o(s) = 6*s**3 - 193*s**2 - 166*s - 175. Give o(33).
-208
Let h(k) = -7*k**3 + 71*k**2 - 15*k - 33. Determine h(8).
807
Let j(k) = 16455*k + 82271. Determine j(-5).
-4
Let a(m) = 682*m**2 - 2079*m + 245. What is a(3)?
146
Let y(j) = -6783*j - 50017. Give y(-7).
-2536
Let y(p) = -8*p**2 + 190*p - 106. Give y(24).
-154
Let v(n) = -n**3 + 35*n**2 - 19*n + 1098. Determine v(35).
433
Let l(m) = -29*m**3 - 983*m**2 + 109*m + 352. Calculate l(-34).
114
Let h(j) = j**2 + 222*j + 6728. Determine h(-34).
336
Let u(d) = 79*d**2 - 3342*d + 6693. What is u(2)?
325
Let x(u) = -5*u**3 + 21*u**2 - 94*u - 144. What is x(5)?
-714
Let r(j) = -j**3 - 105*j**2 + 3116*j + 2567. Calculate r(-129).
-13
Let b(r) = -36*r**2 + 1255*r + 1259. Determine b(-1).
-32
Let y(f) = -1004*f**3 + 7027*f**2 - 73*f + 554. Give y(7).
-6
Let g(c) = -4*c**3 + 8*c**2 + 44*c - 48. Give g(4).
0
Let v(n) = -5*n**2 + 327*n + 542. Give v(69).
-700
Let a(h) = 8*h**3 - 190*h**2 + 319*h - 122. What is a(22)?
120
Let q(a) = -a**3 + 111*a**2 + 702*a + 360. Determine q(117).
360
Let j(p) = 2*p**3 - 439*p**2 - 2002*p - 3097. Calculate j(224).
39
Let w(a) = 11*a**2 - 379*a + 1457. What is w(30)?
-13
Let d(j) = -j**3 + 45*j**2 + 143*j + 2622. Give d(49).
25
Let b(u) = 310*u - 42170. Calculate b(136).
-10
Let w(u) = -7*u**2 - 1121*u + 164809. Calculate w(93).
13
Let u(h) = 25*h**3 - 344*h**2 + 418*h - 74. Determine u(1).
25
Let n(c) = c**3 - 20*c**2 - 171*c - 12. What is n(-7)?
-138
Let l(d) = d**2 - 300*d + 9798. Give l(37).
67
Let z(c) = -2*c**3 + 11*c**2 + 17*c + 34. Calculate z(-7).
1140
Let t(u) = 2*u**2 + 17*u + 40. Calculate t(-17).
329
Let h(v) = 105*v**2 - 926*v - 2144. What is h(11)?
375
Let l(q) = 704435*q + 3522149. Give l(-5).
-26
Let d(m) = -687*m - 8848. Calculate d(-12).
-604
Let g(s) = -34*s**2 - 56*s + 307. Determine g(-4).
-13
Let p(w) = -14478*w - 203045. Give p(-14).
-353
Let z(b) = 4*b**3 + 46*b**2 + 26*b - 47. What is z(-13)?
-1399
Let u(z) = -4170*z**2 + 25021*z + 6. Give u(6).
12
Let a(h) = -2*h**2 - 749*h + 444477. Determine a(320).
-3
Let t(x) = 39833*x - 716973. Calculate t(18).
21
Let g(f) = 1885*f - 119314. Determine g(63).
-559
Let b(p) = -2586*p**2 - 569*p + 569. What is b(1)?
-2586
Let u(o) = -22*o**2 + 1402*o + 1811. Determine u(65).
-9
Let y(c) = c**3 - 93*c**2 - 666*c - 97. Give y(-7).
-335
Let n(a) = 9644*a + 221848. What is n(-23)?
36
Let v(r) = -3*r**2 - 556*r + 39353. Determine v(-240).
-7
Let u(j) = -17054*j - 170566. Give u(-10).
-26
Let c(z) = z**3 - 251*z**2 - 238*z - 2195. Determine c(252).
1333
Let a(n) = 13258*n**2 + 172349*n - 69. Give a(-13).
-4
Let s(d) = 1258*d**3 - d**2 - 169*d + 169. Determine s(1).
1257
Let s(d) = 291*d**2 + 1657*d - 407. Give s(-6).
127
Let g(q) = 33371*q - 166849. Give g(5).
6
Let w(q) = 10*q**3 - 3*q**2 + 2*q + 9. Calculate w(3).
258
Let c(x) = -4*x**2 + 161*x - 347. Calculate c(37).
134
Let u(y) = -y**3 + 129*y**2 - 1800*y - 885. What is u(113)?
19
Let p(s) = -s**2 - 236702*s - 4733610. Determine p(-20).
30
Let k(u) = 27*u - 818. What is k(36)?
154
Let m(s) = -8351*s - 242284. Give m(-29).
-105
Let h(w) = -82285*w + 575990. Calculate h(7).
-5
Let p(n) = -2331*n - 2209795. What is p(-948)?
-7
Let w(p) = -p**3 + 58*p**2 - 516*p - 164. Give w(47).
-117
Let a(p) = -2*p**3 - 98*p**2 + 115*p + 1803. Give a(-49).
-3832
Let p(n) = 1006*n + 1288. Determine p(-1).
282
Let l(v) = 54*v**2 + 8566*v - 91065. What is l(10)?
-5
Let i(d) = -339345*d - 4072117. Determine i(-12).
23
Let l(v) = -4468*v - 419879. Calculate l(-94).
113
Let a(c) = -2*c**3 - 52*c**2 + 96*c - 443. What is a(-28)?
5
Let h(s) = 303399*s - 11225768. Give h(37).
-5
Let f(z) = 2*z**2 + 1347*z + 10644. What is f(-8)?
-4
Let t(g) = 13*g**2 + 580*g + 6052. Determine t(-28).
4
Let a(b) = -b**3 - 15*b**2 + 61*b - 30. Calculate a(3).
-9
Let g(u) = 38*u**3 - 237*u**2 + 29*u + 140. Calculate g(6).
-10
Let b(k) = 2*k**3 + 31*k**2 - 85*k - 1115. Give b(-19).
-2027
Let b(i) = -2*i**2 - 565*i + 7693. Calculate b(13).
10
Let n(z) = 2*z**2 + 2772*z + 283046. Calculate n(-1275).
-4
Let u(m) = -79*m**3 - 3009*m**2 - 270*m - 158. Calculate u(-38).
-6
Let o(i) = -6*i**2 + 805*i - 21991. Give o(96).
-7
Let i(s) = 51*s**2 + 21295*s - 9625. Determine i(-418).
-11
Let o(s) = -2*s**3 + 52*s**2 + 64*s + 149. Give o(27).
419
Let q(m) = m**2 + 103*m - 7778. Calculate q(-154).
76
Let z(a) = -1923*a**2 - 58*a. Calculate z(-1).
-1865
Let t(x) = -61*x**2 - 413*x - 63. Determine t(-7).
-161
Let g(d) = -d**2 + 1017*d - 256316. Calculate g(461).
0
Let t(g) = 237*g**2 + 29602*g - 560. Calculate t(-125).
2315
Let t(y) = 805*y - 21697. Determine t(27).
38
Let n(c) = 3*c**3 - 52*c**2 + 6*c + 132. Calculate n(17).
-55
Let b(i) = -2*i**2 + 165595*i + 828024. Determine b(-5).
-1
Let t(j) = -224*j - 38302. Give t(-181).
2242
Let l(x) = 14*x**2 - 666*x + 2747. Give l(43).
-5
Let d(i) = -i**2 - 594*i - 55284. What is d(-116)?
164
Let t(f) = -f**3 + 31*f**2 + 377*f + 83. Give t(-10).
413
Let w(x) = 8*x**3 + 6*x**2 + 198*x + 389. Calculate w(-2).
-47
Let b(m) = -23*m**3 - 671*m**2 - 100*m - 39. Calculate b(-29).
-503
Let l(o) = o**3 + 10*o**2 - 126*o - 87. Determine l(14).
2853
Let y(o) = 13429*o + 590908. Give y(-44).
32
Let v(c) = c**3 - 306*c**2 + 251*c + 16461. Determine v(305).
-9
Let j(d) = 533*d - 72999. Calculate j(137).
22
Let b(t) = 1173*t - 3293. Give b(3).
226
Let g(k) = 17*k**2 + 1419*k + 22993. What is g(-22)?
3
Let s(w) = 2*w**2 - 49226*w - 443213. What is s(-9)?
-17
Let n(h) = 3*h**2 + 388*h - 2522. Give n(-135).
-227
Let i(a) = 4812*a + 235816. Calculate i(-49).
28
Let u(x) = 5460*x + 31115. Calculate u(-6).
-1645
Let a(f) = -f**3 - 20*f**2 - 84*f - 613. What is a(-15)?
-478
Let c(v) = -